?
True
Is 32968963 a prime number?
True
Is 107380535 a composite number?
True
Is 296729999 a prime number?
True
Is 11975729 a prime number?
False
Is 992198393 a prime number?
True
Is 9035843 a composite number?
True
Is 77277253 prime?
True
Is 9750187 composite?
False
Is 229669861 a composite number?
False
Is 174494389 prime?
False
Is 91598746 prime?
False
Is 6323839 composite?
False
Is 119656937 a prime number?
True
Is 32249641 a composite number?
True
Is 875955671 a prime number?
True
Is 5013123 a prime number?
False
Is 80916919 composite?
True
Is 46299445 prime?
False
Is 3472429 a composite number?
True
Is 2342159 composite?
True
Is 82981 a composite number?
False
Is 54024989 a prime number?
False
Is 151844669 composite?
False
Is 64339631 prime?
False
Is 732358587 a composite number?
True
Is 823875401 composite?
False
Is 1744473 a prime number?
False
Is 3395261 a prime number?
False
Is 186553 a composite number?
True
Is 103550299 a prime number?
True
Is 17518129 composite?
False
Is 22741633 a composite number?
False
Is 2566013 a composite number?
False
Is 37670323 prime?
True
Is 3643643 prime?
False
Is 1861199 prime?
False
Is 1935235 composite?
True
Is 30778829 a prime number?
False
Is 1559183 composite?
False
Is 8119151 prime?
True
Is 2904403 a prime number?
True
Is 2366009 composite?
True
Is 5333057 a prime number?
True
Is 1468999 prime?
False
Is 31114243 a composite number?
True
Is 91536142 a composite number?
True
Is 257566319 a composite number?
False
Is 3685577 a composite number?
True
Is 168754249 prime?
True
Is 9876007 a prime number?
False
Is 216392299 a prime number?
True
Is 7882451 a composite number?
False
Is 2258107 a composite number?
True
Is 14208123 a composite number?
True
Is 106740661 composite?
False
Is 22498711 a prime number?
True
Is 35700169 composite?
False
Is 2401031 prime?
True
Is 1113509 composite?
False
Is 244333 a composite number?
False
Is 590299 composite?
True
Is 366407 a prime number?
False
Is 307241839 prime?
False
Is 652146203 a prime number?
True
Is 117452627 prime?
False
Is 4228433 a composite number?
True
Is 8553791 a composite number?
True
Is 2861081 prime?
True
Is 1497514063 a prime number?
True
Is 8619551 a prime number?
True
Is 747532887 a prime number?
False
Is 20472091 prime?
True
Is 664739 a prime number?
True
Is 2934059 a composite number?
False
Is 13006003 composite?
True
Is 2532259 composite?
False
Is 33203087 composite?
False
Is 9232313 composite?
False
Is 866120689 a composite number?
True
Is 3967 prime?
True
Is 4362947 a composite number?
False
Is 5871695 composite?
True
Is 123737387 prime?
False
Is 45035537 a prime number?
True
Is 163561 a composite number?
False
Is 144217373 composite?
False
Is 17956901 a composite number?
True
Is 7321661 a prime number?
True
Is 5418229 a composite number?
False
Is 21561829 a composite number?
True
Is 310249631 prime?
True
Is 991297 composite?
True
Is 350273551 prime?
False
Is 59467403 a prime number?
True
Is 17378147 a composite number?
True
Is 97729477 prime?
True
Is 13610227 prime?
False
Is 5549065 a composite number?
True
Is 94659095 prime?
False
Is 862423 prime?
True
Is 12996031 prime?
False
Is 15396011 a prime number?
True
Is 142009 a composite number?
True
Is 144574 a prime number?
False
Is 830251 a composite number?
True
Is 6249281 prime?
True
Is 119492243 prime?
False
Is 6907 composite?
False
Is 142636489 prime?
True
Is 5426986 a composite number?
True
Is 92519 composite?
True
Is 16287707 a prime number?
False
Is 309203677 composite?
False
Is 377160211 a composite number?
False
Is 177891277 a composite number?
True
Is 10371863 composite?
False
Is 773044381 prime?
False
Is 1175833 a composite number?
False
Is 35399411 composite?
False
Is 326638651 composite?
False
Is 2042011 a composite number?
True
Is 748788995 a composite number?
True
Is 1986029 a composite number?
False
Is 4431683 a prime number?
True
Is 8211821 a prime number?
True
Is 259903681 composite?
True
Is 336721271 a prime number?
True
Is 15010591 prime?
True
Is 311963765 a composite number?
True
Is 9054363 prime?
False
Is 755026871 composite?
False
Is 164401031 a prime number?
False
Is 2720713 composite?
False
Is 82163 a composite number?
False
Is 3244873 a composite number?
True
Is 435549323 a prime number?
False
Is 42527699 a prime number?
True
Is 54916349 a composite number?
True
Is 206555731 prime?
True
Is 3844199 a composite number?
False
Is 69932041 a composite number?
False
Is 144706 a prime number?
False
Is 18082411 a composite number?
False
Is 4062193 a composite number?
True
Is 1967567 composite?
True
Is 16126961 composite?
False
Is 16978639 prime?
True
Is 2646079 a prime number?
True
Is 3090547 composite?
True
Is 21293939 prime?
True
Is 485807783 prime?
True
Is 3997561 a prime number?
False
Is 287120585 prime?
False
Is 37273921 prime?
True
Is 9901 a composite number?
False
Is 153698659 a prime number?
True
Is 1995241 prime?
False
Is 14835361 a composite number?
True
Is 28263479 composite?
False
Is 2146139 a prime number?
True
Is 14890609 a prime number?
True
Is 191678809 composite?
True
Is 79136093 a composite number?
True
Is 20591033 prime?
False
Is 48858547 composite?
True
Is 165188899 a prime number?
True
Is 4014149 prime?
False
Is 51782326 a composite number?
True
Is 20321729 a composite number?
True
Is 1271017 composite?
True
Is 75110423 composite?
False
Is 7538849 a prime number?
True
Is 16077983 composite?
True
Is 7801811 composite?
False
Is 23158657 prime?
False
Is 4265615 a prime number?
False
Is 74217329 composite?
False
Is 136750165 prime?
False
Is 18986767 a prime number?
True
Is 1458139 a prime number?
False
Is 13740511 a composite number?
True
Is 201796009 a composite number?
True
Is 55709747 composite?
True
Is 5357831 a prime number?
True
Is 173034923 prime?
False
Is 105537319 prime?
True
Is 901723 a composite number?
True
Is 112469377 prime?
False
Is 8662649 composite?
False
Is 17002 a composite number?
True
Is 177048947 a prime number?
False
Is 17538369 prime?
False
Is 273443747 prime?
False
Is 3018937 composite?
True
Is 884141 a composite number?
True
Is 49312761 composite?
True
Is 757103587 a prime number?
False
Is 76772503 a prime number?
True
Is 6803021 a composite number?
True
Is 22996507 prime?
False
Is 7118191 composite?
False
Is 144061153 composite?
True
Is 154183379 a prime number?
False
Is 28796513 a prime number?
True
Is 15210091 prime?
False
Is 83460581 a prime number?
True
Is 56526971 composite?
False
Is 13597487 a composite number?
False
Is 479023 a prime number?
True
Is 908390555 a prime number?
False
Is 110170141 a composite number?
True
Is 116015227 composite?
True
Is 56221273 a composite number?
False
Is 7685189 a composite number?
False
Is 44290009 composite?
False
Is 835382 a composite number?
True
Is 91079 composite?
False
Is 40288277 prime?
True
Is 5157457 prime?
True
Is 133230143 prime?
True
Is 26801953 a prime number?
False
Is 7486979 a prime number?
True
Is 19355803 prime?
True
Is 4213999 a composite number?
False
Is 1278941 a composite number?
True
Is 135081803 composite?
False
Is 921701 prime?
False
Is 9057595 composite?
True
Is 915426257 prime?
False
Is 30900691 composite?
True
Is 5924573 a prime number?
True
Is 2762311 a composite number?
True
Is 14330409 a prime number?
False
Is 3542233 a composite number?
False
Is 40811 prime?
False
Is 15074299 prime?
True
Is 13113509 a composite number?
False
Is 29631287 prime?
False
Is 1457161 composite?
False
Is 83136653 prime?
True
Is 5690813 a prime number?
True
Is 6838919 prime?
True
Is 13368073 a composite number?
False
Is 247000837 a composite number?
True
Is 425714959 a composite number?
False
Is 1347998117 a prime number?
False
Is 8303459 composite?
False
Is 9544319 prime?
False
Is 416932717 composite?
False
Is 1711949 composite?
False
Is 132540871 prime?
False
Is 81879101 composite?
False
Is 333251531 a prime number?
False
Is 31490227 composite?
False
Is 73699187 composite?
False
Is 1274599 prime?
True
Is 72383201 prime?
False
Is 1692581 composite?
True
Is 36043367 a composite number?
True
Is 15148759 prime?
False
Is 373216087 a prime number?
True
Is 5195777 composite?
False
Is 23697013 a composite number?
True
Is 4546713 a composite number?
True
Is 95179913 a composite number?
F